52 = -d. Suppose 4*i = d + 20. Calculate the greatest common divisor of 8 and i.
8
Let g(t) = 8*t**2 - 2*t. Let f be g(-2). What is the highest common factor of f and 90?
18
Let u be (-2)/(12/(-149)) + (-1)/(-6). Let y be 320/u - (-2)/10. Calculate the greatest common factor of y and 65.
13
Suppose 8 = -2*w, -4*n + 28 + 20 = 2*w. Suppose n + 511 = 5*r. Calculate the highest common divisor of r and 15.
15
Let i(h) = h**3 - 7*h**2 + 10*h - 14. Let l be i(6). Calculate the greatest common factor of l and 160.
10
Let t(m) = m + 6. Let z(r) = -3*r + 14. Let d be z(6). Let k be t(d). Suppose 0 = 3*s + 15, 5*o - 3*s = 12 + 83. What is the greatest common factor of k and o?
2
Suppose 5 = h + 3*q, -4*h - 89 = -4*q - 141. What is the highest common divisor of 3 and h?
1
Let u = -369 + 379. Suppose -2*f = -5*f + 90. What is the highest common divisor of f and u?
10
Let w be ((-144)/28)/(3/14)*-6. What is the greatest common divisor of 792 and w?
72
Let z(c) = -c**2 + 10*c - 7. Let i be z(6). Suppose 4*y = 63 + i. What is the highest common divisor of 4 and y?
4
Let x(n) = -n**3 + 9*n**2 - 8*n - 4. Let u be x(7). What is the highest common divisor of 2 and u?
2
Let g(o) = -o - 18. Let t be g(-21). Suppose 4*l - 5*l + 1 = 0. Calculate the highest common divisor of t and l.
1
Let m = 12 - -3. Suppose -2*o + m = -5*o, 3*f - 11 = o. Suppose -2*z = -4*q + 82, 3*q + 6*z = f*z + 34. Calculate the highest common factor of q and 54.
18
Suppose 0 = -x - 4*p - p + 30, 4*p = -4*x + 120. Suppose -3*v - 147 + 6 = 0. Let c = v + 57. Calculate the highest common divisor of x and c.
10
Let t = -1001 + 1076. What is the highest common factor of t and 525?
75
Let h(t) = -2*t**3 + 19*t**2 - 3*t + 77. Let o be h(8). What is the greatest common divisor of 385 and o?
35
Suppose -135 = -4*w + 3*w. Let b(o) = -o**2 + 14*o + 24. Let k be b(14). Let l = k + -9. What is the highest common divisor of l and w?
15
Let m = 8 + -4. Let s be (4 + (1 - 6))*-4. Calculate the greatest common divisor of m and s.
4
Let u = 19 - -41. Suppose -3*j + u = -0*j. Let b be -4*969/(-24) - (-21)/(-14). Calculate the greatest common factor of j and b.
20
Let j be (-308)/8*52/(-91). What is the greatest common factor of 8 and j?
2
Suppose 12 = -4*t - 16. Let q be t/(70/36)*-5. Let z be (-2)/(-9) + 194/q. Calculate the highest common divisor of z and 11.
11
Let f be (3/(-6))/((-1)/10). Suppose -o - 2*t = -2, 3*o + f*t = 2*o + 5. Suppose o = 6*j - 4*j - 12. Calculate the greatest common factor of 4 and j.
2
Let d(l) be the first derivative of -l**3/3 + 7*l**2 - 3*l + 25. Let z be d(12). Calculate the highest common divisor of 42 and z.
21
Suppose q + 3*j - 76 = 115, -5*q + 5*j + 895 = 0. What is the highest common factor of q and 52?
26
Let w(x) = x**2 - 22*x + 81. Let i be w(19). Calculate the greatest common divisor of i and 372.
12
Let m(c) be the first derivative of -7*c**4 + c**3/3 + c**2/2 - 2*c + 1. Let k be m(-2). What is the greatest common factor of 28 and k?
28
Suppose 3*d = -2*o - 8, 4*d = 7*d + 12. What is the greatest common factor of 9 and o?
1
Let d = -2146 - -2159. Let h(y) be the first derivative of 53*y**3/3 - y**2/2 - 1. Let a be h(1). Calculate the greatest common divisor of a and d.
13
Let q(k) = -3*k + 9. Let y be q(7). Let v be (y/(-18))/((-2)/(-30)). Calculate the greatest common factor of v and 80.
10
Suppose -3*z = -15, -3*u + 7*u + 33 = -3*z. Let v be (-363)/u*(-32)/(-8). Calculate the greatest common divisor of v and 11.
11
Let s = 14 - 2. Let z be -4 - -9 - (0 - 2). Let g = s - z. What is the highest common divisor of g and 35?
5
Let j = -4 - -1. Let i(n) = -n**2 - 4*n. Let u be i(j). Let w be (-8)/(-6)*(6 - u). Calculate the highest common divisor of 28 and w.
4
Suppose -u = j + 58 - 262, u = j + 202. What is the highest common divisor of u and 58?
29
Let u(r) = 4*r + 41. Let s be u(-9). Calculate the highest common factor of s and 115.
5
Let s be (4 + 13/(-2))*-2. Suppose -3 = -2*x + s. Suppose -3*c + 340 = 3*w - 7*w, x = -4*w. What is the greatest common divisor of c and 16?
16
Let j(i) = -i**3 + 19*i**2 - 18*i + 17. Let f be j(18). Suppose -4*c + 67 = -f. What is the highest common divisor of c and 189?
21
Let j = 20 + -2. Let q be -2*((-4)/j + 884/(-72)). What is the greatest common factor of 25 and q?
25
Let p be (16/2)/((-12)/(-36)). What is the highest common factor of 120 and p?
24
Let k(s) = -s**3 - s**2 - 7*s + 27. Let y be k(0). Let g be 2 - -22 - (-1 + -2). What is the highest common divisor of y and g?
27
Let s(n) = -n**3 + 7*n**2 - 9*n + 21. Let a be s(6). What is the greatest common divisor of 37 and a?
1
Suppose 0 = 2*y - 50 - 40. What is the greatest common factor of y and 210?
15
Let o = 0 + -10. Let n(d) = d**3 + 10*d**2 - 12*d + 1. Let b be n(o). Suppose -2*p + 75 = -b. Calculate the highest common factor of 14 and p.
14
Suppose 0 = -4*b + y + 10, 2*b - 16 = 3*y - 6. Suppose b*d - 5*w - 240 + 91 = 0, 0 = 4*d + 2*w - 286. Calculate the highest common factor of 9 and d.
9
Suppose 21 = 2*z - 11. Let v = -2 + z. Suppose -4*q = -v - 46. What is the highest common factor of 165 and q?
15
Let t be 4 + 9/3*182/21. Let z = 12 - -3. What is the highest common factor of t and z?
15
Suppose -94 = -2*p - 2*x, -52*x = -5*p - 53*x + 215. What is the greatest common divisor of 70 and p?
14
Let x(h) = h**3 + 15*h**2 - h - 11. Let k be x(-15). Suppose -2*m + 14 = -2*c, -m - k*c - 15 = -7. Calculate the highest common factor of 12 and m.
4
Let p be (-3)/2*(-110)/(-15). Let t(d) = -d**2 - 11*d + 3. Let u be t(p). Let y be (-78)/(-1)*1/u. What is the highest common divisor of 78 and y?
26
Let b = -1260 + 1424. What is the highest common factor of 8 and b?
4
Let y be ((-1)/3)/((-1)/3). Suppose -7*d = 3 + 11. Let l = d - -3. What is the greatest common factor of l and y?
1
Let j be (-2)/(-2)*1*4. Let q = -40 + -28. Let p = -28 - q. What is the greatest common factor of j and p?
4
Let n(z) be the first derivative of -z**2/2 - 2*z - 1. Let x be n(2). Let k be ((-330)/x)/((-3)/(-6)). Calculate the greatest common divisor of k and 15.
15
Let q be 10/(-25) + (-3934)/(-35). What is the greatest common divisor of 272 and q?
16
Let f = 12 - 9. Suppose 4*o + 0*o = 5*p + 5, f*o = 0. Let l be (3 + 6)*(10 + p). What is the greatest common divisor of 9 and l?
9
Let n(i) = i**3 - 5*i + 6. Let t be n(4). Let u be (-7)/((-175)/(-20))*-25. What is the greatest common factor of t and u?
10
Let f(q) = 3*q**2 - 25*q + 58. Let d(v) = -v**2 + 8*v - 19. Let t(p) = -17*d(p) - 6*f(p). Let k be t(5). Calculate the greatest common divisor of 8 and k.
4
Let j = 28 - 26. Suppose 6*s - 4*s - j = 0, -134 = -4*k - 2*s. Let n = 6 - 3. Calculate the highest common divisor of n and k.
3
Suppose 4*d - 135 = 605. Let b = -122 + d. What is the greatest common factor of b and 42?
21
Suppose -2*s = 3*a - 7*a + 328, -5*a = 2*s - 428. Let h be (-5)/35*-166 - 2/(-7). What is the highest common factor of h and a?
12
Let v = 2894 + -2007. Suppose -11*t = -v - 1049. Calculate the highest common factor of t and 11.
11
Let p be 2/(-6)*43*(9 - 30). What is the greatest common divisor of 172 and p?
43
Let p = 177 + -119. Let r = p + -52. Calculate the greatest common divisor of 6 and r.
6
Suppose -221*w = -225*w + 1088. Calculate the highest common divisor of 34 and w.
34
Let z(h) = -h**2 - 6*h + 9. Let p be z(-7). Suppose 3 = -3*l + 3*o, -3*l = -p*l + 5*o - 17. What is the highest common divisor of 4 and l?
2
Let z = 10 + -9. Let i be 1 + z + 8 + -1. Let o = 29 + i. What is the greatest common divisor of 57 and o?
19
Let y be (-15765)/(-11) + 12/(-66). Suppose 5*k = -313 + y. Calculate the greatest common factor of k and 28.
28
Let f(k) = k**2 + 17*k - 66. Let c be f(-21). Calculate the greatest common divisor of 384 and c.
6
Let a be (-2528)/24*(-3 + 6). Let t = a - -481. Let h = -138 + 204. What is the greatest common divisor of t and h?
33
Suppose -3*h + 25 - 7 = 0. What is the greatest common factor of h and 48?
6
Suppose -z - 408 = 12*i - 14*i, 1020 = 5*i + 3*z. What is the greatest common factor of i and 36?
12
Suppose -6*f + 47 = -25. Let a(p) = 12*p - 1. Let n be a(f). Calculate the highest common factor of 13 and n.
13
Let z(a) = -a**3 + 4*a**2 + 21*a + 2. Let t be z(7). Suppose -2*x + 3*b = -23, -t*x - b - 11 = 